the greatest common divisor of w and i.
4
Let d(h) = -h**3 + h**2 - 43. Let g be d(0). Let j = -11 - g. What is the highest common factor of j and 8?
8
Let m(o) = -11*o - 11. Let t be 3 - (18/((-6)/(-2)) - -1). Let r be m(t). What is the highest common factor of 297 and r?
33
Let n = 34 - 3. Let j = 39 - n. What is the highest common factor of j and 28?
4
Let o = -8 + 11. Suppose 5*t + 121 = 2*w, -o*t + 0*t = w - 33. Let a = -38 - -70. What is the greatest common divisor of a and w?
16
Let v = -8 - -18. Suppose -v = -5*r - 0. Let p = 363 - 355. Calculate the highest common factor of r and p.
2
Let u = -9 - -16. Suppose 57 + 24 = 3*y. Let m = 62 - y. What is the greatest common divisor of m and u?
7
Let q = 10 + 44. Suppose 0 = -5*u - u + q. Calculate the highest common divisor of 27 and u.
9
Let b be -3 + 1/(-1) - -13. Suppose -33 = -7*t + b. What is the greatest common factor of 3 and t?
3
Let b(k) = -k + 11. Let u be b(15). Let a(c) = -c**2 + 4*c + 33. Let y be a(u). Let s be 4*1 - (2 + -1). What is the greatest common divisor of y and s?
1
Suppose -14 = 50*s - 51*s. What is the highest common divisor of 42 and s?
14
Let v(x) = 6*x - 87. Let g be v(22). Calculate the greatest common divisor of g and 18.
9
Let n(c) = -c**2 + 36*c - 119. Let u be n(22). Calculate the highest common factor of u and 27.
27
Suppose -4*r - 25 = 5*q, -3*q - 2*q = 25. Suppose -x = 2*x + v - 34, -x + 4*v + 20 = r. Let h = 13 + -1. What is the greatest common divisor of h and x?
12
Let c be (0/2)/(1/1). Let o(g) = g**2 + g. Let d be o(c). Suppose -3*l + 292 = -4*v, -3*v = 3*l - d*v - 285. What is the highest common divisor of 12 and l?
12
Suppose -3*t = 173 - 74. Let c be 5*(2*1 - t/15). What is the greatest common divisor of c and 63?
21
Let t(w) be the second derivative of w**3/6 + 17*w**2/2 - 2*w. Let k be t(0). Let p = -270 + 389. Calculate the highest common factor of k and p.
17
Suppose 5*q - 25 = 4*p, -2*p = -4*p - 2*q + 10. Suppose p = -a + 2*v + 94, 5*v - 1 = 4. What is the greatest common factor of a and 12?
12
Let u(k) = -1 - 2*k - 1 + 12*k**2 - 9*k**2 + 13*k**2. Suppose 3 + 1 = -2*c. Let p be u(c). Calculate the highest common divisor of 6 and p.
6
Let b be (244/7)/((-70)/(-245)). What is the greatest common factor of 549 and b?
61
Let m = -347 - -936. Calculate the greatest common factor of 31 and m.
31
Let t = -140 - -146. Calculate the greatest common divisor of t and 39.
3
Let b = -17 - -36. Suppose -2*a - 2*g = g - 34, 98 = 5*a + g. Suppose -u + 16 + 23 = 4*c, 4*c - a = 0. Calculate the highest common divisor of u and b.
19
Suppose 3*u - 350 = 2*h, 2*u - 5*h = 93 + 155. Suppose 0 = 4*f - 8, -7*f + 234 = 3*p - 4*f. What is the greatest common factor of p and u?
38
Suppose -4*p - 18 = 49*u - 51*u, -u + 6 = -p. What is the highest common divisor of u and 3?
3
Let d = 189 + -134. What is the highest common factor of d and 10?
5
Let w(x) = 5*x**3 - 3*x**2 + x - 1. Let v be w(2). Suppose -v = -5*l + 6. Calculate the greatest common divisor of 56 and l.
7
Suppose 2*l + 4*i - 2064 = 0, 16*i = -l + 19*i + 1042. Calculate the greatest common divisor of 14 and l.
14
Let g = 6 + -4. Suppose -5*k - 32 = -k + w, -5*k + 3*w - 23 = 0. Let r(m) = m + 9. Let x be r(k). What is the greatest common factor of x and g?
2
Suppose -11*j = 6*j - 612. Suppose -3*w + 3*v = -768, 0 = -2*v - 0*v - 8. What is the highest common factor of j and w?
36
Suppose -83 = -x - 2*o, 3*o - 205 = -3*x + 29. What is the highest common divisor of 365 and x?
73
Let d(i) = i + 6. Let q be d(-6). Let j = 48 - q. Suppose -j = -a - 3*a. What is the greatest common divisor of 8 and a?
4
Let k(l) = 1. Let v(d) = -d - 5. Let f(b) = -5*k(b) + v(b). Let z be f(-11). What is the greatest common divisor of 5 and z?
1
Let w(u) = -2*u**3 - 4*u**2 - 3*u - 1. Let h = 10 - 12. Let a be w(h). What is the highest common factor of 40 and a?
5
Suppose 14*c - 1379 = -287. Calculate the greatest common divisor of c and 494.
26
Suppose -h - 199 = -2*x, -4*x + 18*h - 20*h = -402. What is the highest common divisor of x and 80?
20
Let i = -288 + 572. Suppose i = 3*x - 1. Suppose 0 = d - 0*d + 1, x = 4*j + d. Calculate the greatest common divisor of 6 and j.
6
Let f be (1 + -8)*(-4 - 330/21). Calculate the highest common factor of 6 and f.
6
Let h(g) be the second derivative of g**5/20 - 7*g**4/6 + 13*g**3/6 + 7*g**2/2 - 2*g. Let f be h(13). What is the highest common factor of f and 7?
7
Suppose 42*h - 944 = 41*h. Calculate the highest common divisor of h and 32.
16
Let c = 127 - 62. Let n be ((-26)/10)/((-29)/145). Calculate the highest common factor of c and n.
13
Let u = -572 + 633. What is the highest common factor of u and 1098?
61
Let t be 42/(-12)*36/(-21)*2. Calculate the highest common divisor of t and 76.
4
Let p = -63 - -32. Let s = 41 + p. Calculate the greatest common factor of 40 and s.
10
Let l(c) = 10*c - 5. Let f be l(4). Suppose -3*k = 5*v - f, 2*k - 3*v + 5*v = 30. Suppose 0 = 7*t - 3*t - k. What is the highest common factor of t and 35?
5
Suppose 0 = q - 183 + 18. Suppose 0 = -t - 12 + q. Suppose -t = -3*x - 42. What is the highest common factor of 407 and x?
37
Suppose -4*u + 48 = -36. Suppose 2 = -r + u. What is the greatest common divisor of r and 171?
19
Let q(f) = f**2 - 17*f - 1. Let u(o) = -o**3 - 4*o**2 - 6*o - 6. Let p be u(-4). Let x be q(p). What is the greatest common factor of x and 153?
17
Let s(f) = f + 20. Let g be s(-9). Suppose 2*c + 2*z - 12 = 0, 4*c - 2*c = 3*z + 17. Let w = c + 4. What is the greatest common divisor of g and w?
11
Let r = -272 - -377. What is the highest common factor of r and 147?
21
Suppose -c = -5*c + 176. Suppose 2*a - 124 = c. Calculate the highest common factor of 21 and a.
21
Let t be 1/(-3 + (-25)/(-10)). Let i = 75 - t. Suppose 0 = -v + 1 + 6. Calculate the highest common factor of v and i.
7
Suppose 276 = 5*l - w, -3*l + 160 = -13*w + 11*w. Let t(f) = 30*f - 10. Let o be t(5). Calculate the greatest common divisor of o and l.
28
Suppose 0 = 8*x - 211 - 237. Calculate the highest common factor of x and 16.
8
Let j(s) = -s + 8. Let l be j(4). Suppose -l*c = -c - 6. Suppose -w + 3 = 0, c*a - 195 = -a - 2*w. Calculate the greatest common factor of a and 9.
9
Let j = -198 - -239. Calculate the greatest common factor of 41 and j.
41
Let p(k) = 77*k**2 - 11*k - 31. Let f be p(-2). Calculate the highest common factor of f and 13.
13
Suppose 7*g + 5 - 40 = 0. What is the highest common divisor of g and 15?
5
Let n = -28 - -67. Let t = 5 + n. Calculate the highest common factor of t and 220.
44
Let m = -774 - -837. Calculate the highest common factor of 294 and m.
21
Let y = -57 + 106. Suppose 47*o + 70 - 399 = 0. Calculate the highest common divisor of o and y.
7
Let t = 16 - 4. Suppose 0 = 6*r - 545 - 103. Calculate the greatest common divisor of r and t.
12
Let l(p) = p**2 + p + 1. Let d be l(-2). Let v = -1409 + 1421. What is the highest common factor of v and d?
3
Let h be 4/2*(-17)/(-2). Let i(d) = -2*d**2 + 28*d + 9. Let s be i(14). Let v be s + -9 - h/(-1). Calculate the highest common divisor of 153 and v.
17
Let v(f) = 3*f**2 - 33*f + 84. Let m be v(20). What is the highest common factor of 48 and m?
48
Let j(w) = 25*w + 5. Let x be j(1). Calculate the greatest common divisor of x and 18.
6
Suppose 22 - 93 = -2*q + w, 5*q = -w + 160. Suppose 32*z - 27*z = 20. Suppose 121 = z*p + q. Calculate the greatest common factor of p and 55.
11
Suppose -i + 79 = y - 4*y, -286 = -4*i + 2*y. Calculate the greatest common factor of 105 and i.
35
Let h = -7 - -17. Suppose -5*t + c = -49, -4*t + c - 2 = -41. What is the highest common factor of t and h?
10
Let d be 1 + (1 - (0 - -1)). Let g(l) = 19*l**2 + l. Let i be g(-1). Let u = i + -15. Calculate the highest common divisor of d and u.
1
Suppose 0 = -3*o - 2 - 4. Let i be o/(-7) - 54*37/(-14). What is the greatest common divisor of 13 and i?
13
Let f be (40 - 32)*-7*6/(-8). Suppose -6*d = -d - 15. Suppose -d*k + 32 = -10. Calculate the greatest common divisor of f and k.
14
Suppose d = 4*t - 12 - 2, -3*d - 5*t - 8 = 0. Let y = 10 + d. Calculate the greatest common divisor of 2 and y.
2
Suppose 0 = 9*d - 10*d + 297. Suppose 3*i + 0*i - d = a, -2*a - 104 = -i. What is the greatest common divisor of 14 and i?
14
S